5 + -7 - (-6 - -6)?
-2
What is -6 + 0 + 4 - (0 - 3)?
1
Calculate 4 - -3 - (8 + -5).
4
What is the value of -3 + (0 - -5) - 5?
-3
Evaluate 8 + -5 + -3 - 5.
-5
What is 3 - (1 + 6 - (-11 - -6))?
-9
2 + 3 + -3 - (9 + -7)
0
Calculate -2 - (-2 - 1) - 2.
-1
-2 + 9 - (2 + 4 + -4)
5
8 - (6 + -2) - 5
-1
Evaluate 4 - 2 - (-1 - (0 + -2)).
1
What is 1 + -4 + (3 - 2) - 0?
-2
What is 2 + 7 + -7 + -1?
1
Calculate 6 - -3 - (-4 + 15).
-2
What is 0 + -2 + 1 + -3 + 0?
-4
What is the value of -5 - (-9 - -8 - -5)?
-9
-4 + 0 + 0 + -1
-5
What is 2 + -2 - (6 - (-1 + 2))?
-5
-19 + 15 + (-5 - (-6 + -1))
-2
What is the value of -6 + (-1 - (0 + -7 - -6))?
-6
Evaluate -3 + (-1 - -6) - -2.
4
What is the value of -4 + 0 + (-4 - -13)?
5
What is the value of 4 + -1 + -7 - (-4 - 2)?
2
What is the value of (1 + -4 + 8 - -3) + 1?
9
What is -3 + (7 - 5) + (3 - -1)?
3
Calculate 11 - (4 - -1) - 2.
4
Calculate -3 + 4 + 1 + -4.
-2
What is 1 + -1 - (-14 - -19)?
-5
What is the value of 0 - -6 - (-1 + 7)?
0
Calculate 3 + -5 - (-23 + (-2 - -12)).
11
What is -1 + (-4 - (-5 - 1)) + -2?
-1
What is the value of -5 + -1 + (-36 - -43)?
1
(0 - -3) + (-4 - -2 - 1)
0
What is the value of (3 - -9) + -12 + -6 + 1?
-5
Evaluate 5 + -2 + -3 + 1 + -5.
-4
-2 - -7 - (7 + -2)
0
Evaluate -7 + (-9 + (17 - 9) - 3).
-11
Evaluate 2 - 0 - (0 + 2 + -1).
1
What is 4 + (-7 - -3) + -2?
-2
What is the value of 0 + -1 - (4 + -1) - -6?
2
9 + -19 - (-10 + -1)
1
Calculate (-2 - 4) + -1 + 2.
-5
What is the value of -4 - (5 - (0 - -3)) - -3?
-3
Calculate -3 + 2 - (10 - 13).
2
4 + -5 - (-10 + 5)
4
Calculate -3 + 5 - (-3 + 0 + 8).
-3
7 + -8 + (6 - 0)
5
Calculate 0 - (4 + (-11 - (2 + -5))).
4
What is 1 + (-4 - -1 - (-10 + 6))?
2
Calculate 1 + -5 + 5 - -3.
4
What is 2 - (-2 - (-6 - -2))?
0
-3 + (5 - (6 - 1))
-3
Evaluate -2 + (-9 - (-10 + 5)).
-6
Evaluate 7 - 2 - (6 + -3).
2
What is the value of (2 - -1) + (-21 - -22)?
4
Evaluate (-4 - -8) + -4 + 1.
1
What is the value of 7 - (7 + -2 + -3)?
5
Evaluate 7 + (6 + -10 - 0).
3
Evaluate 2 + -5 + -2 + 8.
3
Evaluate 4 - (4 + 4 + 4 + -8).
0
Evaluate -7 + -8 + 29 + -7.
7
-2 + (-1 - (1 + -2)) + -3
-5
-2 + 1 - (-17 - -11 - -6)
-1
Calculate 9 - 6 - (-4 + 3).
4
Calculate 6 + -7 - (0 + 1) - 1.
-3
What is (6 - 4) + 3 + -6?
-1
Evaluate 10 + (7 - (4 + 11)).
2
What is -2 + -1 + 0 + (-4 - -13)?
6
What is -3 + 22 + -13 - (2 - -1)?
3
(-5 - (6 + -17)) + 1
7
Evaluate (2 - 5) + -2 + 2 - 2.
-5
1 + (2 - (5 + 1))
-3
-1 - (3 - 4) - (-20 - -29)
-9
-1 + 0 - 1 - 4 - -8
2
Evaluate 1 + 3 + -3 + 3.
4
What is the value of 1 - 7 - (-4 - -1 - -1)?
-4
What is 9 - (16 + -14 - (-3 - 2))?
2
5 + 0 + 2 + -3
4
(-3 - -2) + 5 + -5
-1
What is the value of (6 - (-5 - -7)) + -7 + -5?
-8
Evaluate (4 - 9) + 2 - (7 + -9).
-1
6 + (-8 + 10 - 3)
5
Calculate (-13 - -15) + -26 - -15.
-9
(7 - 14) + 4 + 3 + -3
-3
What is -4 + -3 - (-1 - 4)?
-2
-2 + (0 - 0 - 3) + 1
-4
Calculate -3 - (8 + -5) - (-1 + -11).
6
Calculate 2 + -3 - (24 - 26).
1
What is -11 + -8 + 4 + (16 - 8)?
-7
What is the value of 3 + -4 + -3 + 7 + 4?
7
What is -4 + 3 + 7 + -4?
2
What is (-57 - -53) + 1 + 5?
2
3 + -1 + -8 - (7 - 7)
-6
13 - 9 - (3 + 2 - 7)
6
Evaluate 12 - 8 - 10 - (-6 + 2).
-2
What is the value of -5 - (-4 + -5 - -3)?
1
Calculate (-9 - (-9 - -8)) + 14.
6
What is (0 - -4 - -1) + (-18 - -6)?
-7
What is the value of 10 - (-2 + (-2 - -2 - -6))?
6
What is the value of -2 + 1 + 1 + -4 - -2?
-2
-7 + (-6 - -6) + 2 - -13
8
-3 - (2 - 2) - -6
3
What is -4 + 0 - -11 - 4?
3
-2 - -4 - (12 - 6)
-4
Evaluate 5 - (0 + 3) - -2 - 12.
-8
Evaluate -2 + -2 + 7 - -1.
4
(-1 - 3) + (-4 - (1 - 3))
-6
What is -217 + 211 + (-1 + 6 - 1)?
-2
What is -2 + (-4 - 0) + 6?
0
Evaluate 18 - (9 - -4) - 8.
-3
Calculate 1 + -4 - -8 - 1.
4
5 + (-8 - (-8 - -5)) - -1
1
4 - (-9 - (12 - 22))
3
What is -3 + -4 + -3 + 5?
-5
-3 + 4 - (1 - -2)
-2
What is -2 + 3 - (0 - 4)?
5
-8 - (6 + -12 + 2)
-4
What is 0 - 8 - (0 + -7)?
-1
What is the value of 7 - (14 + -6 + -3)?
2
What is the value of 3 - (10 + -10 - 1)?
4
Calculate -5 + -3 + (-3 - -6) + -1.
-6
Evaluate 0 + 0 - (52 + -57).
5
Evaluate (8 - 9) + 0 + 2 - 7.
-6
What is the value of 5 + (-1 - (-6 + 14))?
-4
0 + (3 - (5 - 1)) + -2
-3
-5 + -4 + 9 - 4
-4
Calculate 3 + (-10 - (6 + -8)).
-5
(36 - 41) + (-2 - -4 - 0)
-3
What is 0 + -6 - 2 - -4?
-4
Evaluate 3 - 4 - (-13 - (-2 + -5)).
5
What is the value of -21 - (2 + -20) - (4 - 1)?
-6
Calculate -5 - -4 - -1 - (-6 - -2).
4
Evaluate -6 - -2 - -7 - 6.
-3
Calculate 0 - 1 - (-26 - -22).
3
What is the value of (4 - 8) + (-2 - -3)?
-3
6 + 0 + -6 + -12 + 8
-4
What is the value of 0 - (-11 - 0 - -10)?
1
What is the value of 5 + -1 - -1 - -5 - 4?
6
What is -23 + 26 - (4 + 0) - 1?
-2
Calculate -2 + -9 - (-14 - (-14 - -5)).
-6
What is 1 + 6 - (46 - 37)?
-2
What is the value of (-5 - -7) + -1 - -1?
2
What is (8 - 5) + -8 - -9 - 6?
-2
Evaluate 5 + -5 - (-3 + 5).
-2
(-1 - (-10 - -6)) + -5
-2
Evaluate (14 - 2) + -22 + 18.
8
Calculate (-1 - (1 - 1)) + -33 + 30.
-4
Evaluate 3 - (11 - 2 - 1).
-5
Calculate 5 + -7 + (4 + -2 - -6).
6
What is the value of (-1 + 6 - 7) + 5 - 3?
0
What is the value of 3 + -1 + (1 - 3)?
0
Calculate -15 - 1 - (-5 + (-11 - -8)).
-8
What is the value of 4 - (-8 + (1 - (-3 - 0)))?
8
Evaluate (-2 - (-2 + 4)) + 7 - -2.
5
Evaluate (0 - 8) + (-4 + 3 - -4).
-5
-1 - (-10 + -2 - (-11 - -7))
7
14 - 18 - (-6 + -6)
8
Calculate -5 - (-1 - (-6 - -16)).
6
Calculate 0 + (3 + -5 - -6).
4
Calculate -4 + -2 - (10 - 11).
-5
What is 1 + 1 + 6 + -8?
0
Calculate ((9 - 1) + 2 - 1) + -4.
5
What is the value of 2 + -3 - (-2 + -2 - -5)?
-2
(-2 - 2 - -4) + 5
5
Evaluate -1 + (9 - 1) - (-21 - -20).
8
What is the value of -6 - (1 - ((-7 - -6) + 8))?
0
What is 5 + -7 + 3 + -5?
-4
Calculate -5 - (3 - 2) - (-1 + -2).
-3
Calculate (-31 - -21) + 8 + -3.
-5
Calculate 2 - (-1 - -2) - -3.
4
Evaluate 6 + (-22 - (-2 - 6)).
-8
What is 8 + 0 + 0 + -8?
0
What is the value of (13 - (-10 - (8 + -15))) + -7?
9
Calculate (-5 - 0) + 4 + (2 - 2).
-1
4 + (-9 + -2 - (39 - 36))
-10
Calculate -10 - (5 + -5) - (-5 + 1).
-6
What is the value of 3 + (-6 - (-2 + -3) - 6)?
-4
Calculate (5 - 6) + 0 + -2.
-3
(-29 - -37) + (2 - 14)
-4
Calculate -7 + -3 + (3 - 2) + 9.
0
Evaluate 7 - -1 - (1 - -2).
5
Calculate 0 - (-5 - -6) - 1.
-2
What is the value of -6 + 5 + 0 + -2?
-3
-4 + 2 - ((2 - -5) + -4)
-5
Calculate -2 - -1 - (-7 + 11).
-5
(-3 - (-3 + -1 + 2)) + -3
-4
What is (0 - 6 - -3) + -2?
-5
Evaluate 5 + (15 - (13 + -3)).
10
Calculate 5 + (-8 + 4 - 0) + -1.
0
What is 6 + -4 + 0 + (1 - 8)?
-5
Evaluate (-1 - -3) + (-8 - -5 - 2).
-3
What is (-6 - 2) + -24 + 26?
-6
Calculate 2 + 1 + (4 - (-7 + 11)).
3
What is 5 + (8 - 7) + -3?
3
Calculate 6 + 1 + -4 + 1 + -5.
-1
Calculate 2 - (-1 + -2 + 9 + -12).
8
Evaluate 4 - 4 - -3 - -2.
5
Evaluate -3 - -1 - (12 - 13).
-1
Evaluate 11 + -7 + 1 + -1.
4
Evaluate -2 + 1 - -5 - (-232 - -241).
-5
-12 + 9 + (-1 + 3 - -2)
1
What is the value of -3 - ((8 - 5) + -5)?
-1
What is the value of 1 + 1 + -4 - -1?
-1
Calculate 2 + -1 - (5 + -2) - 3.
-5
What is the value of (13 + 1 - 9) + 0?
5
What is 2 + 7 + (-11 - 5)?
-7
4 + -6 - (0 + 1)
-3
Calculate -12 - (-29 + 9) - 16.
-8
Calculate 4 - (-1 - -2 - 4 - -4).
3
(-1 + 1 - (5 + -9)) + -7
-3
Evaluate -6 - (0 + (-4 - (-7 + 8))).
-1
What is -4 + 0 - -5 - (-1 - -1)?
1
Calculate -11 + 14 - (-1 - 2 - -9).
-3
0 + 3 + 0 - (5 - 0)
-2
What is the value of (-273 - -270) + (-1 - -1) + 7?
4
5 + -8 + (-4 - -7)
0
Calculate 6 + (-2 - (7 - 1)) + -4.
-6
(8 + 2 - 5) + (-1 - 4)
0
Evaluate -1 + -1 + 0 - (-1 + -7).
6
What is the value of 19 + (-9 - 0) - 9?
1
-1 + 9 - (-146 + 157)
-3
Calculate 1 - (0 - -3) - (-52 + 54).
-4
What is -5 + -2 + 3 + 4?
0
Evaluate 4 + 2 + 16 + -11.
11
Evaluate 6 + (-9 - 3) + 0.
-6
Calculate 0 - 1 - (26 + -28).
1
Calculate 22 + -25 - (-5 - (-2 + 2)).
2
Calculate (1 - -4 - (4 + 2)) + 7.
6
What is the value of (15 - 12) + -4 + -1?
-2
-8 + (2 - -2 - -1)
-3
Calculate -2 - ((5 - -1) + -13).
5
What is -6 + 3 - -9 - (-10 - -10)?
6
Calculate 8 - 2 - (-2 - (-14 - -1)).
-5
-3 + (-2 - -10) + -3
2
Calculate 13 + -1 + -3 + -3.
6
What is the value of (-17 - -21) + -4 - (1 - 0)?
-1
Evaluate -8 + 5 + 1 + 6.
4
What is the value of -3 + 1 + (0 - 0)?
-2
What is the value of -8 + 6 + 1 + -6?
-7
What is the value of (0 - 4 - 6) + 7?
-3
What is -7 + 0 - (-14 + 13)?
-6
Calculate (1 - -7) + -1 + 7 + -10.
4
Evaluate -1 + 2 + 